2)?
15
Let i(z) = -166*z + 6193. Calculate i(37).
51
Let f(l) = -l**3 + 13*l**2 - 8*l + 117. Calculate f(13).
13
Let i(g) = 11*g - 223. Determine i(25).
52
Let m(s) = 9*s**2 + 125*s - 363. Give m(3).
93
Let l(f) = -1856*f + 5625. Calculate l(3).
57
Let n(o) = 45*o**3 + 18*o**2 - 42*o + 20. Calculate n(2).
368
Let u(d) = -26*d - 66. Calculate u(-9).
168
Let y(i) = i**3 + 8*i**2 - 55*i - 369. What is y(-10)?
-19
Let p(l) = -l**3 - 11*l**2 - 15*l + 17. Give p(-9).
-10
Let x(l) = -l**3 + 11*l**2 + 5*l - 64. Give x(12).
-148
Let v(a) = -93*a + 77. Determine v(1).
-16
Let r(x) = x**2 - 12*x - 43. Determine r(6).
-79
Let g(j) = 27*j**3 - 4*j**2 + 8*j + 11. Give g(-1).
-28
Let k(z) = 26*z - 303. What is k(12)?
9
Let l(n) = 28*n**3 + n + 1. Determine l(-1).
-28
Let y(k) = -158*k - 2064. Calculate y(-13).
-10
Let f(c) = c**2 + 40*c - 501. Calculate f(-50).
-1
Let r(t) = -t**3 + 74*t**2 + 59*t + 1202. Give r(75).
2
Let b(x) = -30*x - 794. What is b(-34)?
226
Let q(u) = 7*u - 264. Determine q(37).
-5
Let y(w) = -2153*w - 4299. Give y(-2).
7
Let h(a) = 10*a + 145. Give h(12).
265
Let u(c) = c**3 - 6*c**2 - 56*c - 6. Determine u(-5).
-1
Let b(n) = -n**3 - 844*n**2 - 5032*n - 6. Calculate b(-6).
18
Let m(u) = -u**3 - 4*u - 61. Calculate m(-7).
310
Let g(m) = m**2 + 156*m - 2685. Determine g(16).
67
Let d(q) = -q**3 + 8*q**2 + 19*q - 19. What is d(-6)?
371
Let v(u) = -11*u + 178. Calculate v(13).
35
Let t(p) = 12*p - 60. Give t(9).
48
Let r(a) = -a**2 - 68*a - 554. Determine r(-12).
118
Let r(p) = p**3 - 36*p**2 - 419*p - 124. Determine r(-9).
2
Let v(u) = -u**3 + 20*u**2 - 13*u - 15. What is v(19)?
99
Let o(i) = -i**3 + 19*i**2 - 62*i + 22. Give o(15).
-8
Let p(a) = -a**3 + 7*a**2 - 12*a + 10. Give p(4).
10
Let d(h) = 88*h + 7020. Calculate d(-80).
-20
Let g(o) = -2*o**3 + 544*o**2 - 1083*o + 798. Determine g(270).
-12
Let j(d) = d**3 + 28*d**2 - 331*d - 16. Calculate j(-37).
-90
Let d(y) = -114*y + 623. Give d(8).
-289
Let a(p) = 90*p - 2149. Give a(24).
11
Let q(o) = 11*o**2 - o - 18. Determine q(0).
-18
Let g(w) = 2*w**2 - 208*w - 1793. What is g(-8)?
-1
Let s(m) = -3*m**2 - 37*m - 23. What is s(-8)?
81
Let m(i) = i**3 + 22*i**2 + 37*i - 74. Calculate m(-18).
556
Let q(n) = n**3 - 8*n**2 + 6*n + 2. Give q(5).
-43
Let z(c) = 2*c**3 - 12*c**2 - 22*c + 15. Give z(8).
95
Let q(m) = -873*m - 5242. Give q(-6).
-4
Let n(g) = -2*g**3 + 20*g**2 + 73*g - 7. Give n(13).
-72
Let q(o) = -130*o - 10275. What is q(-79)?
-5
Let u(v) = -v**3 + 38*v**2 - 68*v - 51. Give u(36).
93
Let t(x) = 8*x**2 + 664*x - 1374. Calculate t(-85).
-14
Let l(d) = -d**2 + 54*d - 248. What is l(50)?
-48
Let w(p) = 20*p**2 + 3*p + 49. Calculate w(0).
49
Let k(t) = -t**2 - 83*t - 774. Determine k(-11).
18
Let t(j) = -j**3 + 18*j**2 + 53*j - 131. What is t(20)?
129
Let r(v) = -188*v + 766. Determine r(4).
14
Let d(x) = -x**3 - 2*x**2 + x + 22. Determine d(0).
22
Let b(r) = r**2 + 303*r + 22939. Give b(-148).
-1
Let i(t) = -178*t + 62. What is i(1)?
-116
Let w(y) = 94*y**2 + 42*y - 6. Calculate w(1).
130
Let v(t) = t**3 + 12*t**2 + 91*t + 709. Calculate v(-10).
-1
Let v(x) = -x**3 - 37*x**2 + 115*x - 285. Give v(-40).
-85
Let t(o) = -12*o**2 + 325*o + 31. Give t(27).
58
Let m(r) = -16*r + 223. Determine m(14).
-1
Let u(d) = 2*d**2 + 3*d - 325. Give u(-16).
139
Let j(m) = 27*m**2 + 19*m - 75. Calculate j(4).
433
Let l(s) = s**3 - 6*s**2 - 25*s - 33. Calculate l(-4).
-93
Let d(b) = 27*b - 220. Calculate d(7).
-31
Let w(p) = 66*p + 7. What is w(-1)?
-59
Let u(a) = -36*a - 4001. Calculate u(-112).
31
Let s(f) = 20*f**2 - 210*f + 92. Calculate s(10).
-8
Let h(n) = -81*n**2 - 4453*n + 109. Determine h(-55).
-1
Let a(n) = -n**3 - 120*n**2 - 111*n + 940. Calculate a(-119).
-12
Let q(v) = 28*v**2 - 120*v - 34. What is q(5)?
66
Let b(s) = 8*s + 332. Give b(-31).
84
Let p(u) = -135*u**2 - 793*u - 18. Give p(-6).
-120
Let i(l) = 23*l - 211. Determine i(10).
19
Let d(k) = k**3 - 11*k**2 - 25*k - 6. Calculate d(13).
7
Let r(a) = -40*a - 776. Calculate r(-19).
-16
Let a(g) = -23*g + 284. Determine a(13).
-15
Let l(q) = -q**3 - 2*q**2 + 7*q - 3. Determine l(-4).
1
Let k(i) = -2*i**2 - 1104*i - 4395. What is k(-4)?
-11
Let h(w) = 7*w**2 - 42*w + 33. Determine h(3).
-30
Let k(s) = 74*s + 19. Give k(-3).
-203
Let z(j) = 2*j**2 - 141*j + 236. Give z(69).
29
Let y(m) = -762*m**2 - 53339*m + 73. What is y(-70)?
3
Let u(x) = -x**3 + x**2 + x - 89. What is u(0)?
-89
Let s(t) = t**2 - 179*t + 5309. Calculate s(141).
-49
Let a(i) = -i**3 + 21*i**2 - 5*i + 8. What is a(21)?
-97
Let y(u) = 57*u - 120. What is y(3)?
51
Let h(c) = 36*c - 3. Give h(-1).
-39
Let t(s) = 17*s**2 + 226*s + 46. Calculate t(-13).
-19
Let x(q) = -73*q + 1321. Give x(18).
7
Let d(g) = 9*g + 485. Calculate d(-36).
161
Let g(m) = -m**3 - 364*m**2 + 6877*m - 11. Calculate g(18).
7
Let d(x) = -x**2 + 11*x + 362. What is d(25)?
12
Let j(v) = -v**2 + 2*v + 18. What is j(14)?
-150
Let z(p) = -2*p**2 - 209*p + 1580. Calculate z(7).
19
Let j(p) = -2*p - 36. Determine j(-6).
-24
Let b(u) = -9*u**2 - 106*u + 58. Give b(-13).
-85
Let q(c) = 156*c - 3270. Determine q(21).
6
Let y(z) = -12*z + 416. Calculate y(-33).
812
Let m(p) = -2*p**2 - 114*p - 517. Calculate m(-52).
3
Let m(l) = -379*l + 312. Give m(1).
-67
Let m(s) = 22249*s - 266988. Calculate m(12).
0
Let p(j) = -351*j - 1037. Give p(-3).
16
Let w(a) = -462*a + 927. Calculate w(2).
3
Let t(n) = n**2 + 60*n - 6150. Calculate t(-114).
6
Let n(u) = -u**2 + 71*u + 2059. Calculate n(-22).
13
Let k(d) = 2*d**3 + 86*d**2 - 5*d - 165. Give k(-43).
50
Let v(n) = n**3 - 7*n**2 - 42*n - 12. Calculate v(11).
10
Let n(x) = -2*x**3 + 87*x**2 - 547*x - 163. Determine n(8).
5
Let m(p) = p**3 + 24*p**2 + p + 165. Calculate m(0).
165
Let i(b) = b**2 + 97*b + 900. Calculate i(-12).
-120
Let w(s) = -32*s - 2213. Calculate w(-69).
-5
Let v(p) = 261*p**2 - 134*p - 2. Give v(2).
774
Let i(l) = -l**2 - 45*l + 7. Give i(7).
-357
Let c(f) = f**3 + 19*f**2 + 12*f - 132. Determine c(-18).
-24
Let h(t) = -6808*t + 27288. Calculate h(4).
56
Let w(c) = -2*c**2 - 24*c - 56. What is w(-10)?
-16
Let p(t) = t + 484. Calculate p(15).
499
Let j(w) = 106*w - 6389. Calculate j(60).
-29
Let u(z) = z**3 - 22*z**2 - 322*z + 58. Give u(32).
-6
Let s(b) = -85*b + 20418. Calculate s(240).
18
Let k(x) = -x**3 - 5*x**2 - 138*x - 275. Calculate k(-2).
-11
Let z(d) = d**3 - 27*d**2 + 176*d + 44. What is z(14)?
-40
Let h(n) = -n**3 - 42*n**2 + 31*n + 1306. What is h(-42)?
4
Let y(n) = 7*n**3 - 77*n**2 + 9*n + 52. Calculate y(11).
151
Let m(l) = -453*l + 1140. What is m(2)?
234
Let k(r) = r**3 + 58*r**2 + 69*r + 705. Give k(-57).
21
Let w(n) = n**3 - 8*n**2 + 17*n - 8. Give w(5).
2
Let p(u) = u**3 - 74*u**2 - 71*u - 383. What is p(75)?
-83
Let o(h) = -11*h + 199. Give o(12).
67
Let k(w) = -5*w + 62. Determine k(-26).
192
Let p(b) = -7*b**3 - 3*b**2 + 4*b + 3. What is p(-4)?
387
Let t(w) = -2*w**3 + 79*w**2 + 38*w - 2988. What is t(39)?
15
Let o(c) = 5*c**2 - 104*c - 281. Determine o(23).
-28
Let x(y) = -3*y**3 + 18*y**2 - 13*y + 1. Calculate x(5).
11
Let f(g) = 13*g**2 - 172*g + 35. What is f(13)?
-4
Let f(u) = 480*u + 4808. What is f(-10)?
8
Let k(o) = o**2 - 5*o - 634. Determine k(28).
10
Let v(x) = -21*x**2 + 56*x - 5. What is v(1)?
30
Let c(u) = -u**3 + 3*u**2 - 3*u - 8. Determine c(4).
-36
Let g(q) = q**3 + 28*q**2 - 7*q - 1468. Calculate g(-26).
66
Let z(w) = 3772*w - 26403. Calculate z(7).
1
Let p(q) = q**3 - 67*q**2 + 201*q - 583. Determine p(64).
-7
Let f(u) = 2*u**3 + 40*u**2 - 194*u + 9. What is f(4)?
1
Let i(v) = -82*v - 1079. Calculate i(-13).
-13
Let m(o) = -14*o**2 - 132*o + 471. Calculate m(-12).
39
Let q(z) = z**3 + 2*z**2 + 3*z - 330. Calculate q(0).
-330
Let f(m) = -33*m**2 + 207*m - 55. What is f(6)?
-1
Let z(w) = 2*w**2 + 56*w - 321. What is z(-33)?
9
Let i(t) = 248*t - 2093. Determine i(10).
387
Let l(j) = 7*j + 372. What is l(-35)?
127
Let m(f) = 3*f**2 - 27*f + 77. Give m(3).
23
Let s(a) = a**3 - 44*a**2 + 341*a - 21. Give s(34).
13
Let i(a) = -2*a**3 + 128*a**2 + 216*a - 5595. Determine i(65).
-5
Let d(h) = -h**3 - h**2 + 39*h + 104. Calculate d(-5).
9
Let l(q) = -2*q**3 + 16*q**2 + 91*q - 638. Give l(9).
19
Let u(a) = a**3 - 9*a**2 - 19*a - 5. What is u(11)?
28
Let j(h) = -3*h**3 - 2*h**2 + 11*h + 4. What is j(0)?
4
Let s(r) =